{"id":88,"date":"2015-09-18T22:23:37","date_gmt":"2015-09-18T20:23:37","guid":{"rendered":"http:\/\/www.schaber.at\/?page_id=88"},"modified":"2015-10-09T19:04:51","modified_gmt":"2015-10-09T17:04:51","slug":"bildendes-kunstschaffen","status":"publish","type":"page","link":"http:\/\/www.schaber.at\/?page_id=88","title":{"rendered":"Bildendes Kunstschaffen"},"content":{"rendered":"<p>Als Kind wurde mir gesagt, dass in mir ein K\u00fcnstler stecke. Mein Kunsterzieher Willibald Tr\u00e4ger bestand darauf, dass ich in Bildnerischer Erziehung bei ihm maturierte. Mein Werkerzieher Walther Gabler empfahl mich an die Akademie der Bildenden K\u00fcnste in Wien. Dort wurde ich auf Anhieb aufgenommen.\u00a0Als Absolvent war ich dann selbst Lehrer f\u00fcr Bildnerische Erziehung und ich konnte Kunst frei schaffen, da mein Lehrergehalt die Existenz meiner Familie absicherte.<br \/>\nEtwa sechs\u00a0Jahrzehnte geben mir nun schon die M\u00f6glichkeit, auf unterschiedliche Weise zwei- wie auch dreidimensional zu gestalten. In j\u00e4hrlichen Ausstellungen pflege ich mich als bildender K\u00fcnstler zu vermitteln &#8211; neuerdings\u00a0gerne mit musikalischen Darbietungen gepaart.<\/p>\n","protected":false},"excerpt":{"rendered":"<p>Als Kind wurde mir gesagt, dass in mir ein K\u00fcnstler stecke. Mein Kunsterzieher Willibald Tr\u00e4ger bestand darauf, dass ich in Bildnerischer Erziehung bei ihm maturierte. Mein Werkerzieher Walther Gabler empfahl mich an die Akademie der Bildenden K\u00fcnste in Wien. Dort wurde ich auf Anhieb aufgenommen.\u00a0Als Absolvent war ich dann selbst Lehrer f\u00fcr Bildnerische Erziehung und &hellip; <a href=\"http:\/\/www.schaber.at\/?page_id=88\" class=\"more-link\"><span class=\"screen-reader-text\">Bildendes Kunstschaffen<\/span> weiterlesen<\/a><\/p>\n","protected":false},"author":2,"featured_media":92,"parent":0,"menu_order":0,"comment_status":"closed","ping_status":"closed","template":"","meta":[],"_links":{"self":[{"href":"http:\/\/www.schaber.at\/index.php?rest_route=\/wp\/v2\/pages\/88"}],"collection":[{"href":"http:\/\/www.schaber.at\/index.php?rest_route=\/wp\/v2\/pages"}],"about":[{"href":"http:\/\/www.schaber.at\/index.php?rest_route=\/wp\/v2\/types\/page"}],"author":[{"embeddable":true,"href":"http:\/\/www.schaber.at\/index.php?rest_route=\/wp\/v2\/users\/2"}],"replies":[{"embeddable":true,"href":"http:\/\/www.schaber.at\/index.php?rest_route=%2Fwp%2Fv2%2Fcomments&post=88"}],"version-history":[{"count":3,"href":"http:\/\/www.schaber.at\/index.php?rest_route=\/wp\/v2\/pages\/88\/revisions"}],"predecessor-version":[{"id":117,"href":"http:\/\/www.schaber.at\/index.php?rest_route=\/wp\/v2\/pages\/88\/revisions\/117"}],"wp:featuredmedia":[{"embeddable":true,"href":"http:\/\/www.schaber.at\/index.php?rest_route=\/wp\/v2\/media\/92"}],"wp:attachment":[{"href":"http:\/\/www.schaber.at\/index.php?rest_route=%2Fwp%2Fv2%2Fmedia&parent=88"}],"curies":[{"name":"wp","href":"https:\/\/api.w.org\/{rel}","templated":true}]}}